 -0*k, 55 = -5*o + 4*k. Let n = o - -5. Let b(q) = -q**3 + q - 1. Let x be b(n). Calculate the highest common factor of 5 and x.
5
Suppose 5*g + 2 = d + 11, -19 = -d - 2*g. Let s be -1*(-98 - 1)/1. Calculate the greatest common divisor of d and s.
11
Suppose 4*z - 184 = 176. Calculate the highest common factor of 30 and z.
30
Suppose -3*f - 19 = -79. What is the highest common factor of 8 and f?
4
Let f(q) be the second derivative of q**4/6 + q**3/6 + 147*q**2/2 - 4*q. Let b be f(0). What is the highest common factor of b and 21?
21
Suppose 2*u = o + 14, -8 = -3*u - 5*o + 26. Let m be (27/12)/(3/u). Calculate the greatest common divisor of 2 and m.
2
Let x = -1 + -1. Suppose 4*o = o + 54. Let g be (o/(-8))/(x/8). Calculate the highest common factor of 1 and g.
1
Let w be (-2)/6 + 300/36. Let a(z) = z - 8. Let y be a(10). Calculate the greatest common divisor of y and w.
2
Let g(w) = w**2 - w - 1. Let l be g(-3). Suppose -49 = -5*v + l. Calculate the greatest common factor of v and 60.
12
Let z be (1/(-5))/((-5)/25). What is the highest common divisor of 7 and z?
1
Let t(j) be the third derivative of j**6/120 - 11*j**5/60 + 5*j**4/24 - j**3/6 + 8*j**2. Let x be t(11). Calculate the greatest common divisor of 36 and x.
18
Suppose -6*n + 119 + 25 = 0. Calculate the highest common divisor of 132 and n.
12
Suppose -3*w + 0*w + 6 = 0. Suppose -4*q = -3*q - 7. Let b = 11 - q. What is the highest common divisor of b and w?
2
Let a(o) = -o - 4*o + 5*o**2 + 3 - 4*o**2. Let w be a(6). Let j = -12 - -30. What is the highest common factor of j and w?
9
Let f = -523 - -263. Let l = -185 - f. Let b be 152/5 + 4/(-10). What is the greatest common divisor of b and l?
15
Let f(h) be the third derivative of -h**5/60 - 13*h**4/24 - 4*h**3/3 + h**2. Let x be f(-9). Calculate the highest common factor of x and 252.
28
Let h = 6 + -8. Let o be (1/h)/(1/(-16)). Let t = 9 + -1. Calculate the greatest common factor of t and o.
8
Let s = 55 + -28. What is the greatest common divisor of s and 18?
9
Let k be (1 - 0)/((-1)/(-28)). Let o = 30 + k. Calculate the greatest common factor of o and 87.
29
Suppose -3*h + 10 = 430. Let w = h - -327. What is the greatest common factor of 17 and w?
17
Let p be 7/7 + 1/1. Let z(a) = 12*a**2 - 3*a + 3. Let u be z(p). What is the highest common factor of 9 and u?
9
Let f = 56 + -24. What is the greatest common divisor of 288 and f?
32
Let i be (1 - 0)*-2*-11. Suppose -20 - i = -c. What is the highest common divisor of c and 105?
21
Suppose -4*b + 68 = -0*z + 5*z, -22 = -2*z + b. Calculate the greatest common divisor of 12 and z.
12
Let n(m) = 12*m**2 - 2*m - 2. Let p be n(2). Calculate the greatest common divisor of 6 and p.
6
Let x(z) = -z**2 + 0*z**2 + 4*z**2 + 5*z - 4*z**2 - 4. Let b be x(3). Suppose 3*j = 2*i, -4*j + 0 - 2 = -3*i. Calculate the greatest common factor of b and i.
2
Let t(f) = 9*f**3 - f**2 + 2*f - 2. Let o be t(1). Calculate the greatest common factor of 24 and o.
8
Suppose -330 = -3*x - 120. What is the highest common divisor of 10 and x?
10
Let x be 4/18 + 156/27. Let n = 38 - x. Calculate the highest common divisor of n and 8.
8
Suppose -3 - 13 = 4*i. Let g = 5 + i. Let a be (4 - 3)/(g/9). What is the greatest common divisor of a and 45?
9
Let w = 6 + 4. Let t = -1 + w. What is the greatest common divisor of t and 45?
9
Suppose 3*n - 929 = -4*u, 0 = -4*u - u + 4*n + 1138. Suppose 4*f + 2 = 6*f. Suppose -4*k - f = -93. Calculate the greatest common divisor of k and u.
23
Let a(f) = f**3 + f**2 - 3*f + 4. Let q be a(3). What is the greatest common factor of 155 and q?
31
Suppose 0 = 2*r + 4*h - 0*h + 8, 0 = 5*h + 10. Let g(z) = z + 6. Let n be g(r). Calculate the greatest common factor of n and 54.
6
Suppose -2*j = 2*f - 3*f - 91, -3*f = -4*j + 177. Calculate the greatest common factor of 72 and j.
24
Let t = -31 - -49. Suppose x = 3*x - t. What is the greatest common divisor of x and 45?
9
Let q(r) = 4*r - 11. Let d be q(6). Let n = 23 - d. Calculate the highest common factor of n and 90.
10
Suppose -2*s = -2*r - 153 + 5, -5*s = r - 394. Calculate the highest common factor of s and 26.
26
Let y be 144/10 - (-30)/50. Suppose 5*s = 2*d + 154, 0*d + 4*d = s - 38. Calculate the highest common divisor of y and s.
15
Suppose -9 = -5*s + 51. Let v be (s/(-5))/(6/(-200)). What is the highest common factor of 8 and v?
8
Suppose -5*g = -10*g + 60. Suppose 3*p - g = -3. Calculate the greatest common factor of p and 3.
3
Suppose 0 = -3*r - 27 + 180. Let d(h) = h**2 + 3*h + 6. Let y be d(4). Calculate the greatest common factor of r and y.
17
Suppose -4*h + 116 = -4*w, -2*w = -6*h + h + 148. What is the greatest common factor of h and 15?
15
Suppose 0 = -w + 6 + 4. Suppose 0 = -u - 4*s - 0 - 9, 0 = 4*u - 3*s + 74. Let j = u - -32. What is the highest common factor of j and w?
5
Let o = 3 - 1. Suppose 0 = o*b - 35 + 1. Let n = 82 - 14. What is the greatest common divisor of n and b?
17
Let i(h) = -2*h**2 + 34*h + 24. Let o be i(16). Calculate the greatest common divisor of o and 32.
8
Let u = 38 + -20. Suppose -5*n + 5*j = -155, 116 = 4*n - 0*n - 2*j. What is the highest common factor of u and n?
9
Let i(r) = 1. Let b(n) = -n**3 + 5*n**2 + 5*n. Let w(s) = b(s) + 4*i(s). Let g be w(-4). What is the highest common divisor of g and 16?
16
Let b be 12 + -4 + 2 - -2. Let n be -2 - ((-406)/49 + (-4)/(-14)). Calculate the highest common divisor of n and b.
6
Let t = 87 - -100. What is the greatest common factor of t and 11?
11
Let p(m) = m**3 + 9*m**2 - 17*m - 25. Let d be p(-10). Let s = 1 - -17. What is the greatest common divisor of d and s?
9
Let x = 7 + -10. Let w = -1 - x. Let p be ((-16)/10)/(w/(-15)). What is the highest common divisor of p and 12?
12
Suppose -b + 466 = 2*f, -2*b = b - f - 1391. Suppose 0 = -4*i + b + 544. What is the greatest common factor of i and 28?
28
Let l = -53 - -75. What is the greatest common factor of 110 and l?
22
Let z be 2/5 - (-962)/(-5). Let q = -111 - z. Suppose 4*b - 17 - 19 = 0. What is the greatest common factor of q and b?
9
Let g(p) be the third derivative of p**5/30 - p**4/6 + p**3/2 + p**2. Let d be g(2). Let c be 23 + (3/1 - 2). Calculate the highest common divisor of c and d.
3
Suppose -3*r = -4*j - 42, r + 2*j = -2*j - 2. What is the greatest common divisor of r and 10?
10
Let y be (-195)/(-2)*4/6. What is the greatest common factor of y and 26?
13
Suppose 0 = 3*q - 0*q - 4*l + 8, -5*q = 2*l - 4. Suppose 0 = -q*k + 5*k - 65. Calculate the highest common factor of 91 and k.
13
Suppose j - 4 = 2*j. Let m(b) = -b**2 - 6*b - 5. Let l be m(j). What is the greatest common factor of l and 12?
3
Let g(u) = -u**3 + 4*u**2 + 6*u. Let k be g(5). Suppose 388 + 12 = 4*s. Suppose -2*v + s = 2*v. Calculate the greatest common divisor of k and v.
5
Suppose 0*d = d - 3. Suppose 3*k = -d - 12. Let j = -3 - k. Calculate the greatest common divisor of 22 and j.
2
Let m = 44 - 24. Suppose 4*f - m = 2*f. Calculate the greatest common factor of 90 and f.
10
Suppose 2*v + 4 = 3*v. What is the greatest common factor of 12 and v?
4
Suppose -4*k = 3*f - 431, 0*k - k = f - 109. Let n = -27 - -40. What is the greatest common factor of n and k?
13
Let t = 30 - -2. Calculate the greatest common factor of 4 and t.
4
Suppose 0*v + 40 = 2*v. What is the greatest common divisor of 30 and v?
10
Suppose -7 = 2*v + 3. Let g = v + 7. Let b be ((-10)/6)/(g/(-18)). Calculate the highest common factor of 5 and b.
5
Let s = 72 - 52. Calculate the greatest common factor of s and 10.
10
Let m be (-2 + 0)*207/(-2). Suppose -a + 5*a = 92. What is the greatest common divisor of a and m?
23
Let j(f) = f + 2. Let r be j(-2). Suppose 0 = 3*p - r - 9. Calculate the highest common divisor of 33 and p.
3
Let l be 6/(-9)*(-81)/6. Calculate the highest common divisor of l and 27.
9
Let o be 22/8*12/1. Suppose -o = -5*g + 2. What is the highest common factor of 77 and g?
7
Let a(d) be the first derivative of 2*d**3/3 + 3*d**2 + 2*d - 1. Let s be a(-4). What is the highest common divisor of 50 and s?
10
Suppose -114 - 132 = -3*q. Suppose -512 = -6*z + q. What is the highest common factor of 9 and z?
9
Let k(a) = -2*a + 6. Let o be k(-3). Calculate the highest common divisor of 12 and o.
12
Let b = 134 - 78. Let h = b + -30. Let u be (2 